2*b. Let n be u(-5). What is the greatest common divisor of 12 and n?
4
Let k(x) = -41*x - x**3 + 2*x**3 + 81 + 1563*x**2 - 1522*x**2. Let q be k(-42). What is the greatest common factor of 169 and q?
13
Let u(c) = 21*c**2 - c + 2. Let n be u(0). Suppose 5*o + 12*g - 25 = 14*g, -3*o + 15 = n*g. What is the highest common divisor of o and 175?
5
Suppose -6*k = -5*k - 23. Let a = k + -19. Suppose a*y + 14 + 2 = 2*o, y = -2. Calculate the highest common divisor of o and 28.
4
Let h = 135 + -477. Let t be -1*(4 - (5 - h)). Calculate the highest common factor of 7 and t.
7
Let t(h) = h**2 - 2*h - 11. Let q be t(5). Suppose 0 = 2*c - 3*c - q*z - 66, 2*c + 114 = -2*z. Let i = 55 + c. Calculate the greatest common factor of 14 and i.
1
Let t be 4/(-8)*-30*(3 + 43). Calculate the highest common divisor of 552 and t.
138
Suppose -205 = 823*j - 828*j. Let n be (1 + -5)/((-1)/(164/8)). What is the highest common factor of n and j?
41
Suppose 1547*c = 1585*c - 41990. What is the greatest common factor of c and 520?
65
Let a(j) be the first derivative of 7*j**2 - 3*j - 40. Let l be a(7). Calculate the highest common divisor of 38 and l.
19
Let q = 9743 - 9458. Calculate the greatest common divisor of q and 760.
95
Let h be 6/(-2) + 960/12. What is the highest common factor of h and 3?
1
Let z(q) = -q**3 - 8*q**2 - 11*q + 20. Let a = -42 + 36. Let y be z(a). What is the greatest common divisor of y and 35?
7
Suppose 493 + 2059 = 29*r. What is the greatest common factor of 407 and r?
11
Let p = -3341 + 3999. What is the highest common factor of p and 188?
94
Suppose -4*m - 31266 = -2*j, -10*m + 7*m - 3 = 0. Calculate the highest common divisor of 147 and j.
49
Suppose -38 = -4*l + 10. Let p be 1 - -40 - 0 - l/(-3). What is the greatest common divisor of 450 and p?
45
Suppose -d = -3*t + 2352, 4*t = -d + 1393 + 1750. Suppose 4*s - 367 - t = 0. Calculate the highest common factor of 16 and s.
16
Suppose 27*v - 9660 = 96545 - 17699. What is the greatest common divisor of v and 22?
22
Suppose 4*t - 5*d + 15 = 3, -t = d + 3. Let a be 2 + (-328)/(-2)*1 - t. What is the greatest common factor of a and 13?
13
Let b = -147 - -152. Suppose -b*s + 2*p + 432 = 0, -3*p + 284 = 3*s + 2*p. What is the greatest common factor of 11 and s?
11
Suppose 16*z - 123 = -14*z - 3. Calculate the highest common divisor of 1618 and z.
2
Let s(b) = -6*b - 5. Let q be s(-6). Suppose -3*o = a - 98, 0 = o - 126*a + 124*a - 21. What is the greatest common divisor of o and q?
31
Let t(q) = -2*q**3 - q - 1. Let l(j) = -7*j**3 + 2*j**2 - 15*j - 3. Let m(p) = -l(p) + 3*t(p). Let z be m(4). Calculate the greatest common divisor of 20 and z.
20
Let f be ((-364)/(-104)*24/35)/(1/8005). What is the highest common divisor of 24 and f?
12
Let x(c) = -285*c + 7586. Let n be x(26). Calculate the highest common factor of n and 583.
11
Let f(y) = 34*y**2 + y - 1. Let t be f(1). Suppose 291 = -10*j - 2789. Let m = j + 342. What is the greatest common factor of m and t?
34
Let f = -16505 + 16597. What is the greatest common factor of f and 16882?
46
Let u be 28/42*11028 + -13. What is the greatest common divisor of 1074 and u?
179
Let r be (20 - 17) + 6/4*2. Suppose -2*w = 0, 2*h + h - 3*w + 27 = 0. Let o = -3 - h. What is the highest common divisor of o and r?
6
Suppose -2*u - 407952 = -19*u - 90256. Calculate the highest common divisor of 146 and u.
146
Let y(f) = 6*f - 44. Let i(p) = -2*p**2 + 35*p. Let k be i(17). Let u be y(k). Suppose 72 = 2*o + 14. Calculate the highest common factor of o and u.
29
Let t = 13040 + -12434. What is the highest common factor of 1010 and t?
202
Suppose -4*o + v = -1, 4*v - 26 = -3*o - 11. Suppose 5*n + o = 6, 2*n = 3*k - 310. Calculate the highest common divisor of k and 169.
13
Suppose 5*c - 226 = -4*w, -w + 91 = -3*c + 5*c. What is the highest common divisor of 31142 and c?
46
Let k be (-3 + (-2 - 360))*1. Let u = k + 431. Calculate the greatest common divisor of 88 and u.
22
Let a = -47 + 21. Let g be 1 - 1 - (4 - -98)/3. Let r = a - g. What is the greatest common divisor of 8 and r?
8
Let c(i) = 12*i**3 + 2*i**2 - 2*i + 1. Let o be c(1). Let u(h) = h**2 + 58*h + 13. Let g be u(-58). What is the highest common divisor of g and o?
13
Suppose -3*v - 350 = -8*v. Let x = -42 + v. Suppose x*k - 30 = 23*k. Calculate the highest common divisor of k and 12.
6
Let d be (-3 + 1)*(94/4 + -2). Let m = d + 62. Let j(o) = -4*o + 2. Let f be j(-9). What is the highest common factor of f and m?
19
Suppose a + 30 = 5*t, -5*a + 4*a = t - 12. What is the highest common divisor of t and 11081?
7
Let a = -54 - -69. Suppose -y + 2*y - 5 = 3*l, 3*l - 1 = -2*y. Let r = l + a. What is the highest common factor of r and 112?
14
Let c = 47 + 33. Let x = -12 + 22. Suppose 3*q = x + c. What is the greatest common factor of q and 12?
6
Let b be 0 - 9/(-3) - 0. Suppose 2*j + b*j + 25 = 0. Let h(f) = 3*f**2 + 14*f + 7. Let w be h(j). Calculate the highest common factor of 60 and w.
12
Let y = 14 + -11. Let s(k) = -21*k - 3 - k**2 + 9*k - y. Let j be s(-9). Calculate the highest common divisor of 7 and j.
7
Let b be 3 + (1 - (6 - -2)). Let p(y) = -9*y - 4. Let t be p(b). Calculate the highest common divisor of 2 and t.
2
Let f be -5*(-14)/10 - (6 - 1). Suppose 4*k + 75 = f*l - 17, 12 = 3*k. Calculate the greatest common divisor of 702 and l.
54
Let j = 3885 - 3404. Calculate the greatest common divisor of 259 and j.
37
Suppose -3*a = -2*x + 6714, 2*x - 6*x - 5*a = -13472. Calculate the greatest common factor of x and 114.
57
Let z = -27525 - -27529. Let i(x) = 4*x**3 - 3*x**2 + x. Let p be i(2). Calculate the greatest common divisor of z and p.
2
Suppose 0 = 3*n + 3*v - 1176, 5*v - 1572 = 201*n - 205*n. Calculate the greatest common factor of 5917 and n.
97
Let k = 5408 - 2769. What is the highest common factor of k and 273?
91
Suppose o - 13 = -2. Let t = -279 + 378. Calculate the highest common factor of o and t.
11
Let o(p) = -p**2 + 72*p + 471. Let w be o(-6). Calculate the greatest common factor of w and 867.
3
Let a(h) = h + 12. Let y be (7/2)/((-18)/(-216)). Let n = y + -50. Let l be a(n). What is the greatest common divisor of l and 20?
4
Let l(n) = -n**2 + 11*n - 18. Let d = -26 + 33. Let t be l(d). Let c(i) = 9*i + 62. Let g be c(t). Calculate the greatest common factor of 8 and g.
8
Suppose 112*d + 128393 - 263096 - 163777 = 0. Calculate the greatest common factor of 325 and d.
65
Let k = -26915 - -27967. Calculate the highest common divisor of k and 88.
4
Let c(z) = 7*z**2 - 106*z + 10. Let f be c(15). Let w be 24/12 - 25/f. What is the greatest common factor of w and 98?
7
Let d be -7 - (-355)/(-5 - -10). What is the highest common factor of 1712 and d?
16
Let k(o) = -o**2 + 3*o - 21. Let m be k(-7). Let v = m - -145. What is the highest common divisor of 216 and v?
54
Let y(p) = 12*p. Let i be y(1). Let t be 24 + -20 - (-16 - 0). Suppose -b + t = -28. Calculate the greatest common divisor of i and b.
12
Suppose -53*c = 4827 - 41185. What is the greatest common factor of c and 126?
14
Let l = 49 + -45. Suppose 5*p = 3*i + 2*i - 45, -l*i - 3*p + 15 = 0. Suppose -i = f - 99. Calculate the highest common factor of f and 62.
31
Let r = -22380 + 22672. Let l be (1 - -6) + (0 - -1). Calculate the greatest common factor of l and r.
4
Suppose -4*j = d - 241, 7*d - 5*d = -2*j + 116. Suppose -564 = -5*u + u. Let b = u - j. What is the greatest common factor of b and 10?
10
Let m = 198 - 110. Suppose m*w - 36 = 84*w. What is the greatest common divisor of 39 and w?
3
Let o(h) = -54*h - 12. Let l be o(-8). Let m(r) = 5*r**2 - 18*r + 25. Let b be m(5). What is the greatest common factor of b and l?
60
Suppose 4*x + 2*r - 30 = 0, r - 4 = -x + 6. Suppose 5*l = 4*s - 699, x*l = -s - 60 + 241. Calculate the highest common divisor of s and 11.
11
Suppose -r + 2217 = 2*q, 2*q + 47*r = 42*r + 2197. What is the highest common divisor of q and 606?
101
Let y be 2 + -2 - (-130)/2. Suppose y = o - 0*o. Let s be ((-25)/(850/663))/((-1)/2). Calculate the highest common divisor of s and o.
13
Let p(k) = k**3 - 15*k**2 + 15*k - 8. Let a be p(14). Suppose 7 + 29 = 4*v. What is the highest common divisor of v and a?
3
Let y = -15379 - -24521. What is the greatest common divisor of y and 28?
14
Suppose -389*r - 8